{"id":96,"date":"2013-06-07T11:37:23","date_gmt":"2013-06-07T11:37:23","guid":{"rendered":"http:\/\/demo.woothemes.com\/woocommerce\/?post_type=product&#038;p=96"},"modified":"2026-04-18T10:42:16","modified_gmt":"2026-04-18T07:42:16","slug":"teapot","status":"publish","type":"product","link":"https:\/\/hylecode.com\/mottomenu\/product\/teapot\/","title":{"rendered":"Motto Queen Burger"},"content":{"rendered":"","protected":false},"excerpt":{"rendered":"<p>% 100 dana eti, rus salatas\u0131, domates, tur\u015fu, kibrit patates, \u00e7ift cheddar peyniri, patates k\u0131zartmas\u0131 ve salata.<\/p>\n","protected":false},"featured_media":1066,"template":"","meta":[],"product_cat":[34],"product_tag":[29,30,32,33],"class_list":{"0":"post-96","1":"product","2":"type-product","3":"status-publish","4":"has-post-thumbnail","6":"product_cat-burgerler","7":"product_tag-furniture","8":"product_tag-minimalism","9":"product_tag-simple","10":"product_tag-white","12":"first","13":"instock","14":"shipping-taxable","15":"purchasable","16":"product-type-variable","17":"has-default-attributes"},"_links":{"self":[{"href":"https:\/\/hylecode.com\/mottomenu\/wp-json\/wp\/v2\/product\/96","targetHints":{"allow":["GET"]}}],"collection":[{"href":"https:\/\/hylecode.com\/mottomenu\/wp-json\/wp\/v2\/product"}],"about":[{"href":"https:\/\/hylecode.com\/mottomenu\/wp-json\/wp\/v2\/types\/product"}],"wp:featuredmedia":[{"embeddable":true,"href":"https:\/\/hylecode.com\/mottomenu\/wp-json\/wp\/v2\/media\/1066"}],"wp:attachment":[{"href":"https:\/\/hylecode.com\/mottomenu\/wp-json\/wp\/v2\/media?parent=96"}],"wp:term":[{"taxonomy":"product_cat","embeddable":true,"href":"https:\/\/hylecode.com\/mottomenu\/wp-json\/wp\/v2\/product_cat?post=96"},{"taxonomy":"product_tag","embeddable":true,"href":"https:\/\/hylecode.com\/mottomenu\/wp-json\/wp\/v2\/product_tag?post=96"}],"curies":[{"name":"wp","href":"https:\/\/api.w.org\/{rel}","templated":true}]}}