{"id":76,"date":"2013-06-07T11:28:45","date_gmt":"2013-06-07T11:28:45","guid":{"rendered":"http:\/\/demo.woothemes.com\/woocommerce\/?post_type=product&#038;p=76"},"modified":"2026-04-18T10:43:16","modified_gmt":"2026-04-18T07:43:16","slug":"bookends","status":"publish","type":"product","link":"https:\/\/hylecode.com\/mottomenu\/product\/bookends\/","title":{"rendered":"Motto Milano Burger"},"content":{"rendered":"","protected":false},"excerpt":{"rendered":"<p>% 100. dana eti, roka, domates, korni\u015fon tur\u015fu, \u00e7ift mozerella peyniri, mantarl\u0131 kremal\u0131 pesto sos , motto sos, patates k\u0131zartmas\u0131 ve salata<\/p>\n","protected":false},"featured_media":1049,"template":"","meta":[],"product_cat":[34],"product_tag":[],"class_list":{"0":"post-76","1":"product","2":"type-product","3":"status-publish","4":"has-post-thumbnail","6":"product_cat-burgerler","8":"first","9":"instock","10":"shipping-taxable","11":"purchasable","12":"product-type-variable"},"_links":{"self":[{"href":"https:\/\/hylecode.com\/mottomenu\/wp-json\/wp\/v2\/product\/76","targetHints":{"allow":["GET"]}}],"collection":[{"href":"https:\/\/hylecode.com\/mottomenu\/wp-json\/wp\/v2\/product"}],"about":[{"href":"https:\/\/hylecode.com\/mottomenu\/wp-json\/wp\/v2\/types\/product"}],"wp:featuredmedia":[{"embeddable":true,"href":"https:\/\/hylecode.com\/mottomenu\/wp-json\/wp\/v2\/media\/1049"}],"wp:attachment":[{"href":"https:\/\/hylecode.com\/mottomenu\/wp-json\/wp\/v2\/media?parent=76"}],"wp:term":[{"taxonomy":"product_cat","embeddable":true,"href":"https:\/\/hylecode.com\/mottomenu\/wp-json\/wp\/v2\/product_cat?post=76"},{"taxonomy":"product_tag","embeddable":true,"href":"https:\/\/hylecode.com\/mottomenu\/wp-json\/wp\/v2\/product_tag?post=76"}],"curies":[{"name":"wp","href":"https:\/\/api.w.org\/{rel}","templated":true}]}}